{"id":930,"date":"2021-06-16T14:50:45","date_gmt":"2021-06-16T14:50:45","guid":{"rendered":"http:\/\/lamoianesa.com\/politica-privacitat-xarxes-socials\/"},"modified":"2021-06-16T14:50:55","modified_gmt":"2021-06-16T14:50:55","slug":"politica-privacitat-xarxes-socials","status":"publish","type":"page","link":"https:\/\/www.lamoianesa.com\/en\/politica-privacitat-xarxes-socials\/","title":{"rendered":"Pol\u00edtica Privacitat Xarxes Socials"},"content":{"rendered":"<p>[et_pb_section fb_built=&#8221;1&#8243; _builder_version=&#8221;4.9.3&#8243; _module_preset=&#8221;default&#8221;][et_pb_row _builder_version=&#8221;4.9.3&#8243; _module_preset=&#8221;default&#8221;][et_pb_column type=&#8221;4_4&#8243; _builder_version=&#8221;4.9.3&#8243; _module_preset=&#8221;default&#8221;][et_pb_text _builder_version=&#8221;4.9.3&#8243; _module_preset=&#8221;default&#8221; text_font=&#8221;Fraunces|700|||||||&#8221; text_text_color=&#8221;#e02b20&#8243; text_font_size=&#8221;28px&#8221; text_orientation=&#8221;center&#8221; hover_enabled=&#8221;0&#8243; sticky_enabled=&#8221;0&#8243;]<\/p>\n<p>Pol\u00edtica Privacitat Xarxes Socials<\/p>\n<p>[\/et_pb_text][et_pb_text _builder_version=&#8221;4.9.3&#8243; _module_preset=&#8221;default&#8221; text_font=&#8221;Fraunces|300|||||||&#8221; text_font_size=&#8221;21px&#8221; text_orientation=&#8221;center&#8221; hover_enabled=&#8221;0&#8243; locked=&#8221;off&#8221; sticky_enabled=&#8221;0&#8243;]<\/p>\n<p style=\"text-align: left\">En compliment de la Llei Org\u00e0nica 3\/2018 LOPD-GDD de Protecci\u00f3 de Dades Personals i Garantia de Drets Digitals, del Reglament Europeu 2016\/679 de Protecci\u00f3 de Dades de Car\u00e0cter Personal (RGPD) i la Llei 34\/2002, de l\u201911 de juliol, de Serveis de la Societat de la Informaci\u00f3 i de Comer\u00e7 Electr\u00f2nic (LSSICE), La Moianesa, S.L. informa als usuaris que s\u2019ha procedit a crear un perfil a les xarxes socials Instagram i Facebook amb la finalitat principal de donar informaci\u00f3 i publicitar els seus productes i serveis.<\/p>\n<p style=\"text-align: left\">La Moianesa, S.L.<\/p>\n<p style=\"text-align: left\">Cam\u00ed de planella s\/n, 08180 Moi\u00e0 (Barcelona)<\/p>\n<p style=\"text-align: left\">www.lamoianesa.com<\/p>\n<p style=\"text-align: left\">info@lamoianesa.com<\/p>\n<p style=\"text-align: left\">L\u2019usuari disposa d\u2019un perfil a la mateixa xarxa social i ha decidit unir-se a la p\u00e0gina creada per La Moianesa, S.L., mostrant aix\u00ed inter\u00e8s en la informaci\u00f3 que es publiciti a la xarxa. En unir-se a la nostra p\u00e0gina, ens facilita el seu consentiment per al tractament de les dades personals publicades en el seu perfil.<\/p>\n<p style=\"text-align: left\">L\u2019usuari pot accedir en tot moment a les pol\u00edtiques de privacitat de la pr\u00f2pia xarxa social, aix\u00ed com configurar el seu perfil per garantir la seva privacitat.<\/p>\n<p style=\"text-align: left\">La Moianesa, S.L. tracta la informaci\u00f3 p\u00fablica de l\u2019usuari, especialment el seu nom de contacte. Aquestes dades nom\u00e9s s\u00f3n utilitzades dins de la pr\u00f2pia xarxa social i no s\u00f3n incorporades a cap fitxer.<\/p>\n<p style=\"text-align: left\">En relaci\u00f3 amb els drets d\u2019acc\u00e9s, rectificaci\u00f3, cancel\u00b7laci\u00f3 i oposici\u00f3, dels quals vost\u00e8 disposa i que poden ser exercits davant La Moianesa, S.L., ha de tenir en compte els seg\u00fcents matisos:<\/p>\n<ul style=\"text-align: left\">\n<li>Dret d\u2019acc\u00e9s: \u00c9s el dret de l\u2019usuari a obtenir informaci\u00f3 sobre les seves dades concretes de car\u00e0cter personal i de tractament que La Moianesa, S.L. hagi realitzat o realitzi, aix\u00ed com de la informaci\u00f3 disponible sobre l\u2019origen d\u2019aquestes dades i les comunicacions realitzades o previstes de les mateixes. Aquest dret vindr\u00e0 definit per la funcionalitat de la xarxa social i la capacitat d\u2019acc\u00e9s a la informaci\u00f3 dels perfils dels usuaris.<\/li>\n<li>Dret de rectificaci\u00f3: \u00c9s el dret de l\u2019afectat a qu\u00e8 es modifiquin les dades que resultin ser inexactes o incompletes. Nom\u00e9s podr\u00e0 satisfer-se en relaci\u00f3 amb la informaci\u00f3 que es trobi sota el control de La Moianesa, S.L. (per exemple, eliminar comentaris publicats en el propi perfil). Normalment, aquest dret s\u2019ha d\u2019exercir davant la xarxa social.<\/li>\n<li>Dret de cancel\u00b7laci\u00f3: \u00c9s el dret a suprimir les dades de car\u00e0cter personal de l\u2019usuari, a excepci\u00f3 del que preveuen altres lleis aplicables que determinin l\u2019obligatorietat de la conservaci\u00f3 de les mateixes, en temps i forma. Aquest dret es podr\u00e0 exercir, per exemple, mitjan\u00e7ant la desvinculaci\u00f3 del perfil a qu\u00e8 es troba unit.<\/li>\n<li>Dret d\u2019oposici\u00f3: \u00c9s el dret de l\u2019usuari que no es dugui a terme el tractament de les seves dades de car\u00e0cter personal o se cessi el tractament de les mateixes per part de La Moianesa, S.L.. Com en el dret de cancel\u00b7laci\u00f3, el podr\u00e0 exercir, per exemple, mitjan\u00e7ant la desvinculaci\u00f3 del perfil a qu\u00e8 es troba unit.<\/li>\n<\/ul>\n<p style=\"text-align: left\">Per poder exercir qualsevol dels drets descrits anteriorment ha de complir els requisits seg\u00fcents:<\/p>\n<p style=\"text-align: left\">Presentaci\u00f3 d\u2019un escrit dirigit a La Moianesa, S.L., a l\u2019adre\u00e7a Cam\u00ed de planella s\/n, 08180 Moi\u00e0 (Barcelona) o b\u00e9 per correu electr\u00f2nic a info@lamoianesa.com.<\/p>\n<p style=\"text-align: left\">L\u2019escrit rem\u00e8s pel titular de les dades que sol\u00b7liciti l\u2019exercici ha de complir els requisits legals:<\/p>\n<p style=\"text-align: left\">Nom, cognoms de l\u2019interessat i c\u00f2pia del DNI. En els excepcionals casos en qu\u00e8 s\u2019admeti la representaci\u00f3, ser\u00e0 tamb\u00e9 necess\u00e0ria la identificaci\u00f3 pel mateix mitj\u00e0 de la persona que el representa, aix\u00ed com el document acreditatiu de la representaci\u00f3. La fotoc\u00f2pia del DNI podr\u00e0 ser substitu\u00efda sempre que s\u2019acrediti la identitat per qualsevol altre mitj\u00e0 v\u00e0lid en dret.<\/p>\n<p style=\"text-align: left\">Petici\u00f3 en qu\u00e8 es concreta la sol\u00b7licitud. Si no fa refer\u00e8ncia a un arxiu concret se li facilitar\u00e0 tota la informaci\u00f3 que es tingui amb les seves dades de car\u00e0cter personal. Si sol\u00b7licita informaci\u00f3 d\u2019un arxiu en concret, nom\u00e9s la informaci\u00f3 d\u2019aquest fitxer. Si sol\u00b7licita informaci\u00f3 relativa a un tercer mai es podr\u00e0 facilitar. Si ho sol\u00b7licita per tel\u00e8fon se li indicar\u00e0 que ho faci per escrit i se li informar\u00e0 de com ho pot fer i l\u2019adre\u00e7a a la qual l\u2019ha de trametre.<\/p>\n<p style=\"text-align: left\">Domicili a efectes de notificacions.<\/p>\n<p style=\"text-align: left\">Data i signatura del signatari.<\/p>\n<p style=\"text-align: left\">Documents acreditatius de la petici\u00f3 que es formula.<\/p>\n<p style=\"text-align: left\">L\u2019interessat ha d\u2019utilitzar qualsevol mitj\u00e0 que permeti acreditar l\u2019enviament i la recepci\u00f3 de la sol\u00b7licitud.<\/p>\n<p style=\"text-align: left\">Utilitzaci\u00f3 del perfil<\/p>\n<p style=\"text-align: left\">\n<p style=\"text-align: left\">La Moianesa, S.L. realitzar\u00e0 les seg\u00fcents actuacions:<\/p>\n<ul style=\"text-align: left\">\n<li>Acc\u00e9s a la informaci\u00f3 p\u00fablica del perfil.<\/li>\n<li>Publicaci\u00f3 en el perfil de l\u2019usuari de tota aquella informaci\u00f3 ja publicada a la p\u00e0gina de La Moianesa, S.L.<\/li>\n<li>Enviar missatges personals i individuals a trav\u00e9s dels canals de la xarxa social.<\/li>\n<li>Actualitzacions de l\u2019estat de la p\u00e0gina que es publicaran al perfil de l\u2019usuari.<\/li>\n<\/ul>\n<p style=\"text-align: left\">L\u2019usuari sempre pot controlar les seves connexions, eliminar els continguts que deixin d\u2019interessar i restringir amb qui comparteix les seves connexions; per aix\u00f2 haur\u00e0 d\u2019accedir a la seva configuraci\u00f3 de privacitat.<\/p>\n<p style=\"text-align: left\">Publicacions<\/p>\n<p style=\"text-align: left\">L\u2019usuari, un cop unit a la p\u00e0gina de La Moianesa, S.L., hi podr\u00e0 publicar comentaris, enlla\u00e7os, imatges o fotografies o qualsevol altre tipus de contingut multim\u00e8dia suportat per la xarxa social. L\u2019usuari, en tots els casos, n\u2019ha de ser el titular i gaudir dels drets d\u2019autor i de propietat intel\u00b7lectual o comptar amb el consentiment dels tercers afectats. Es prohibeix expressament qualsevol publicaci\u00f3 en la p\u00e0gina, ja siguin textos, gr\u00e0fics, fotografies, v\u00eddeos, etc. que atemptin o siguin susceptibles d\u2019atemptar contra la moral, l\u2019\u00e8tica, el bon gust o el dec\u00f2rum, i\/o que infringeixin o violin els drets de propietat intel\u00b7lectual o industrial, el dret a la imatge o la Llei. En aquests casos, La Moianesa, S.L. es reserva el dret a retirar immediatament el contingut, podent sol\u00b7licitar el bloqueig permanent de l\u2019usuari.<\/p>\n<p style=\"text-align: left\">La Moianesa, S.L. no es far\u00e0 responsable dels continguts que lliurement ha publicat un usuari.<\/p>\n<p style=\"text-align: left\">L\u2019usuari ha de tenir present que les seves publicacions seran conegudes pels altres usuaris, de manera que aix\u00ed mateix \u00e9s el principal responsable de la seva privacitat.<\/p>\n<p style=\"text-align: left\">Les imatges que es puguin publicar a la p\u00e0gina no seran enregistrades a cap fitxer per part de La Moianesa, S.L. per\u00f2 s\u00ed romandran a la xarxa social en q\u00fcesti\u00f3.<\/p>\n<p style=\"text-align: left\">\n<p style=\"text-align: left\">Concursos i promocions<\/p>\n<p style=\"text-align: left\">La Moianesa, S.L. es reserva el dret a realitzar concursos i promocions, en els quals podr\u00e0 participar l\u2019usuari unit a la seva p\u00e0gina. Les bases de cada un d\u2019ells, quan s\u2019utilitzi la plataforma de la xarxa social per aix\u00f2, seran publicades en la mateixa, complint sempre amb la LSSICE i amb qualsevol altra norma que li sigui d\u2019aplicaci\u00f3.<\/p>\n<p style=\"text-align: left\">La xarxa social no patrocina, avala ni administra, de cap manera, cap de les nostres promocions, ni est\u00e0 associada a cap d\u2019elles.<\/p>\n<p style=\"text-align: left\">Publicitat<\/p>\n<p style=\"text-align: left\">La Moianesa, S.L. utilitzar\u00e0 la xarxa social per publicitar els seus productes i serveis. En tot cas, si decideix tractar les seves dades de contacte per a realitzar accions directes de prospecci\u00f3 comercial, ser\u00e0 sempre complint amb les exig\u00e8ncies legals del RGPD i de la LSSICE.<\/p>\n<p style=\"text-align: left\">No es considera publicitat el fet de recomanar a altres usuaris la p\u00e0gina de La Moianesa, S.L. i que tamb\u00e9 ells puguin gaudir de les promocions o estar informats de la seva activitat.<\/p>\n<p>[\/et_pb_text][\/et_pb_column][\/et_pb_row][\/et_pb_section]<\/p>\n","protected":false},"excerpt":{"rendered":"<p>Pol\u00edtica Privacitat Xarxes Socials En compliment de la Llei Org\u00e0nica 3\/2018 LOPD-GDD de Protecci\u00f3 de Dades Personals i Garantia de Drets Digitals, del Reglament Europeu 2016\/679 de Protecci\u00f3 de Dades de Car\u00e0cter Personal (RGPD) i la Llei 34\/2002, de l\u201911 de juliol, de Serveis de la Societat de la Informaci\u00f3 i de Comer\u00e7 Electr\u00f2nic (LSSICE), [&hellip;]<\/p>\n","protected":false},"author":1,"featured_media":0,"parent":0,"menu_order":0,"comment_status":"closed","ping_status":"closed","template":"","meta":{"_et_pb_use_builder":"on","_et_pb_old_content":"","_et_gb_content_width":"","footnotes":""},"_links":{"self":[{"href":"https:\/\/www.lamoianesa.com\/en\/wp-json\/wp\/v2\/pages\/930"}],"collection":[{"href":"https:\/\/www.lamoianesa.com\/en\/wp-json\/wp\/v2\/pages"}],"about":[{"href":"https:\/\/www.lamoianesa.com\/en\/wp-json\/wp\/v2\/types\/page"}],"author":[{"embeddable":true,"href":"https:\/\/www.lamoianesa.com\/en\/wp-json\/wp\/v2\/users\/1"}],"replies":[{"embeddable":true,"href":"https:\/\/www.lamoianesa.com\/en\/wp-json\/wp\/v2\/comments?post=930"}],"version-history":[{"count":4,"href":"https:\/\/www.lamoianesa.com\/en\/wp-json\/wp\/v2\/pages\/930\/revisions"}],"predecessor-version":[{"id":937,"href":"https:\/\/www.lamoianesa.com\/en\/wp-json\/wp\/v2\/pages\/930\/revisions\/937"}],"wp:attachment":[{"href":"https:\/\/www.lamoianesa.com\/en\/wp-json\/wp\/v2\/media?parent=930"}],"curies":[{"name":"wp","href":"https:\/\/api.w.org\/{rel}","templated":true}]}}

Política Privacitat Xarxes Socials

<p>[et_pb_section fb_built=&#8221;1&#8243; _builder_version=&#8221;4.9.3&#8243; _module_preset=&#8221;default&#8221;][et_pb_row _builder_version=&#8221;4.9.3&#8243; _module_preset=&#8221;default&#8221;][et_pb_column type=&#8221;4_4&#8243; _builder_version=&#8221;4.9.3&#8243; _module_preset=&#8221;default&#8221;][et_pb_text _builder_version=&#8221;4.9.3&#8243; _module_preset=&#8221;default&#8221; text_font=&#8221;Fraunces|700|||||||&#8221; text_text_color=&#8221;#e02b20&#8243; text_font_size=&#8221;28px&#8221; text_orientation=&#8221;center&#8221; hover_enabled=&#8221;0&#8243; sticky_enabled=&#8221;0&#8243;]</p>
<p>Política Privacitat Xarxes Socials</p>
<p>[/et_pb_text][et_pb_text _builder_version=&#8221;4.9.3&#8243; _module_preset=&#8221;default&#8221; text_font=&#8221;Fraunces|300|||||||&#8221; text_font_size=&#8221;21px&#8221; text_orientation=&#8221;center&#8221; hover_enabled=&#8221;0&#8243; locked=&#8221;off&#8221; sticky_enabled=&#8221;0&#8243;]</p>
<p style="text-align: left">En compliment de la Llei Orgànica 3/2018 LOPD-GDD de Protecció de Dades Personals i Garantia de Drets Digitals, del Reglament Europeu 2016/679 de Protecció de Dades de Caràcter Personal (RGPD) i la Llei 34/2002, de l’11 de juliol, de Serveis de la Societat de la Informació i de Comerç Electrònic (LSSICE), La Moianesa, S.L. informa als usuaris que s’ha procedit a crear un perfil a les xarxes socials Instagram i Facebook amb la finalitat principal de donar informació i publicitar els seus productes i serveis.</p>
<p style="text-align: left">La Moianesa, S.L.</p>
<p style="text-align: left">Camí de planella s/n, 08180 Moià (Barcelona)</p>
<p style="text-align: left">www.lamoianesa.com</p>
<p style="text-align: left">info@lamoianesa.com</p>
<p style="text-align: left">L’usuari disposa d’un perfil a la mateixa xarxa social i ha decidit unir-se a la pàgina creada per La Moianesa, S.L., mostrant així interès en la informació que es publiciti a la xarxa. En unir-se a la nostra pàgina, ens facilita el seu consentiment per al tractament de les dades personals publicades en el seu perfil.</p>
<p style="text-align: left">L’usuari pot accedir en tot moment a les polítiques de privacitat de la pròpia xarxa social, així com configurar el seu perfil per garantir la seva privacitat.</p>
<p style="text-align: left">La Moianesa, S.L. tracta la informació pública de l’usuari, especialment el seu nom de contacte. Aquestes dades només són utilitzades dins de la pròpia xarxa social i no són incorporades a cap fitxer.</p>
<p style="text-align: left">En relació amb els drets d’accés, rectificació, cancel·lació i oposició, dels quals vostè disposa i que poden ser exercits davant La Moianesa, S.L., ha de tenir en compte els següents matisos:</p>
<ul style="text-align: left">
<li>Dret d’accés: És el dret de l’usuari a obtenir informació sobre les seves dades concretes de caràcter personal i de tractament que La Moianesa, S.L. hagi realitzat o realitzi, així com de la informació disponible sobre l’origen d’aquestes dades i les comunicacions realitzades o previstes de les mateixes. Aquest dret vindrà definit per la funcionalitat de la xarxa social i la capacitat d’accés a la informació dels perfils dels usuaris.</li>
<li>Dret de rectificació: És el dret de l’afectat a què es modifiquin les dades que resultin ser inexactes o incompletes. Només podrà satisfer-se en relació amb la informació que es trobi sota el control de La Moianesa, S.L. (per exemple, eliminar comentaris publicats en el propi perfil). Normalment, aquest dret s’ha d’exercir davant la xarxa social.</li>
<li>Dret de cancel·lació: És el dret a suprimir les dades de caràcter personal de l’usuari, a excepció del que preveuen altres lleis aplicables que determinin l’obligatorietat de la conservació de les mateixes, en temps i forma. Aquest dret es podrà exercir, per exemple, mitjançant la desvinculació del perfil a què es troba unit.</li>
<li>Dret d’oposició: És el dret de l’usuari que no es dugui a terme el tractament de les seves dades de caràcter personal o se cessi el tractament de les mateixes per part de La Moianesa, S.L.. Com en el dret de cancel·lació, el podrà exercir, per exemple, mitjançant la desvinculació del perfil a què es troba unit.</li>
</ul>
<p style="text-align: left">Per poder exercir qualsevol dels drets descrits anteriorment ha de complir els requisits següents:</p>
<p style="text-align: left">Presentació d’un escrit dirigit a La Moianesa, S.L., a l’adreça Camí de planella s/n, 08180 Moià (Barcelona) o bé per correu electrònic a info@lamoianesa.com.</p>
<p style="text-align: left">L’escrit remès pel titular de les dades que sol·liciti l’exercici ha de complir els requisits legals:</p>
<p style="text-align: left">Nom, cognoms de l’interessat i còpia del DNI. En els excepcionals casos en què s’admeti la representació, serà també necessària la identificació pel mateix mitjà de la persona que el representa, així com el document acreditatiu de la representació. La fotocòpia del DNI podrà ser substituïda sempre que s’acrediti la identitat per qualsevol altre mitjà vàlid en dret.</p>
<p style="text-align: left">Petició en què es concreta la sol·licitud. Si no fa referència a un arxiu concret se li facilitarà tota la informació que es tingui amb les seves dades de caràcter personal. Si sol·licita informació d’un arxiu en concret, només la informació d’aquest fitxer. Si sol·licita informació relativa a un tercer mai es podrà facilitar. Si ho sol·licita per telèfon se li indicarà que ho faci per escrit i se li informarà de com ho pot fer i l’adreça a la qual l’ha de trametre.</p>
<p style="text-align: left">Domicili a efectes de notificacions.</p>
<p style="text-align: left">Data i signatura del signatari.</p>
<p style="text-align: left">Documents acreditatius de la petició que es formula.</p>
<p style="text-align: left">L’interessat ha d’utilitzar qualsevol mitjà que permeti acreditar l’enviament i la recepció de la sol·licitud.</p>
<p style="text-align: left">Utilització del perfil</p>
<p style="text-align: left">
<p style="text-align: left">La Moianesa, S.L. realitzarà les següents actuacions:</p>
<ul style="text-align: left">
<li>Accés a la informació pública del perfil.</li>
<li>Publicació en el perfil de l’usuari de tota aquella informació ja publicada a la pàgina de La Moianesa, S.L.</li>
<li>Enviar missatges personals i individuals a través dels canals de la xarxa social.</li>
<li>Actualitzacions de l’estat de la pàgina que es publicaran al perfil de l’usuari.</li>
</ul>
<p style="text-align: left">L’usuari sempre pot controlar les seves connexions, eliminar els continguts que deixin d’interessar i restringir amb qui comparteix les seves connexions; per això haurà d’accedir a la seva configuració de privacitat.</p>
<p style="text-align: left">Publicacions</p>
<p style="text-align: left">L’usuari, un cop unit a la pàgina de La Moianesa, S.L., hi podrà publicar comentaris, enllaços, imatges o fotografies o qualsevol altre tipus de contingut multimèdia suportat per la xarxa social. L’usuari, en tots els casos, n’ha de ser el titular i gaudir dels drets d’autor i de propietat intel·lectual o comptar amb el consentiment dels tercers afectats. Es prohibeix expressament qualsevol publicació en la pàgina, ja siguin textos, gràfics, fotografies, vídeos, etc. que atemptin o siguin susceptibles d’atemptar contra la moral, l’ètica, el bon gust o el decòrum, i/o que infringeixin o violin els drets de propietat intel·lectual o industrial, el dret a la imatge o la Llei. En aquests casos, La Moianesa, S.L. es reserva el dret a retirar immediatament el contingut, podent sol·licitar el bloqueig permanent de l’usuari.</p>
<p style="text-align: left">La Moianesa, S.L. no es farà responsable dels continguts que lliurement ha publicat un usuari.</p>
<p style="text-align: left">L’usuari ha de tenir present que les seves publicacions seran conegudes pels altres usuaris, de manera que així mateix és el principal responsable de la seva privacitat.</p>
<p style="text-align: left">Les imatges que es puguin publicar a la pàgina no seran enregistrades a cap fitxer per part de La Moianesa, S.L. però sí romandran a la xarxa social en qüestió.</p>
<p style="text-align: left">
<p style="text-align: left">Concursos i promocions</p>
<p style="text-align: left">La Moianesa, S.L. es reserva el dret a realitzar concursos i promocions, en els quals podrà participar l’usuari unit a la seva pàgina. Les bases de cada un d’ells, quan s’utilitzi la plataforma de la xarxa social per això, seran publicades en la mateixa, complint sempre amb la LSSICE i amb qualsevol altra norma que li sigui d’aplicació.</p>
<p style="text-align: left">La xarxa social no patrocina, avala ni administra, de cap manera, cap de les nostres promocions, ni està associada a cap d’elles.</p>
<p style="text-align: left">Publicitat</p>
<p style="text-align: left">La Moianesa, S.L. utilitzarà la xarxa social per publicitar els seus productes i serveis. En tot cas, si decideix tractar les seves dades de contacte per a realitzar accions directes de prospecció comercial, serà sempre complint amb les exigències legals del RGPD i de la LSSICE.</p>
<p style="text-align: left">No es considera publicitat el fet de recomanar a altres usuaris la pàgina de La Moianesa, S.L. i que també ells puguin gaudir de les promocions o estar informats de la seva activitat.</p>
<p>[/et_pb_text][/et_pb_column][/et_pb_row][/et_pb_section]</p>

<p>Política Privacitat Xarxes Socials En compliment de la Llei Orgànica 3/2018 LOPD-GDD de Protecció de Dades Personals i Garantia de Drets Digitals, del Reglament Europeu 2016/679 de Protecció de Dades de Caràcter Personal (RGPD) i la Llei 34/2002, de l’11 de juliol, de Serveis de la Societat de la Informació i de Comerç Electrònic (LSSICE), [&hellip;]</p>
